
False
Is 1584445199 composite?
False
Is 140404925741 composite?
False
Is 1657937951 prime?
False
Is 12676687757 a prime number?
True
Is 1724727019 composite?
False
Is 256701889 a prime number?
False
Is 468674519 a composite number?
True
Is 81155614739 a composite number?
False
Is 25848946637 composite?
False
Is 1612323043 a prime number?
False
Is 1860400579 a composite number?
True
Is 3451073063 prime?
True
Is 326896489 prime?
True
Is 489695159 prime?
False
Is 61638607 a composite number?
False
Is 13627073687 prime?
True
Is 1042152509 a prime number?
False
Is 1674077893 composite?
False
Is 1884670483 a prime number?
True
Is 3373734443 prime?
True
Is 289577909 prime?
True
Is 197433059 prime?
False
Is 2342614069 a prime number?
False
Is 748621667 a prime number?
True
Is 207998159573 a composite number?
False
Is 554749633 a composite number?
True
Is 19805991883 composite?
True
Is 4473632737 a composite number?
True
Is 6944536147 composite?
False
Is 9932671847 composite?
True
Is 7691839621 prime?
False
Is 22313582281 a prime number?
True
Is 13542433571 a prime number?
False
Is 214471046 a prime number?
False
Is 1042773002 composite?
True
Is 353339281 a prime number?
False
Is 26089377419 a composite number?
True
Is 5357777671 a composite number?
False
Is 73547337169 a composite number?
True
Is 12844837353 prime?
False
Is 148156051 a composite number?
True
Is 5628985357 a composite number?
True
Is 386711474 composite?
True
Is 1091949917 composite?
True
Is 9000529517 composite?
True
Is 1677506267 composite?
True
Is 1610457661 prime?
False
Is 190840109 prime?
True
Is 107528699833 a prime number?
True
Is 4982641043 a prime number?
True
Is 7138782379 composite?
False
Is 9334541213 a composite number?
False
Is 22374677477 a prime number?
False
Is 13499283451 a composite number?
True
Is 3011810869 composite?
False
Is 785567561 a composite number?
False
Is 6698596579 prime?
True
Is 846987371 a prime number?
False
Is 55947984227 a prime number?
True
Is 2291720546 prime?
False
Is 20407753901 a composite number?
True
Is 26503620571 composite?
True
Is 74915143181 composite?
False
Is 7925834243 a prime number?
False
Is 55746623 prime?
True
Is 2268693787 a prime number?
True
Is 465204263 a composite number?
False
Is 20734499899 prime?
True
Is 396712999 a prime number?
True
Is 41551096711 a composite number?
True
Is 163599817449 prime?
False
Is 69587689 prime?
False
Is 518981963 a prime number?
True
Is 2508837977 composite?
False
Is 11464971821 prime?
True
Is 1658403589 a prime number?
False
Is 309173503 a composite number?
False
Is 75767123 a composite number?
False
Is 16462583213 a composite number?
True
Is 3600400157 prime?
True
Is 658400569 composite?
True
Is 234633307 a composite number?
False
Is 255729671 composite?
False
Is 1038407871 composite?
True
Is 732180193 composite?
False
Is 38348397439 a composite number?
True
Is 1354947611 prime?
False
Is 7746030967 prime?
False
Is 2941092751 prime?
False
Is 43432601 prime?
True
Is 44047294927 a composite number?
False
Is 5243835957 composite?
True
Is 447711559 a composite number?
True
Is 2156762483 prime?
False
Is 5384302393 prime?
True
Is 1346956859 composite?
False
Is 149899937039 composite?
False
Is 3659481479 a composite number?
False
Is 2917641637 a composite number?
False
Is 15839665757 composite?
False
Is 16711992529 composite?
False
Is 9927775411 a composite number?
False
Is 4065727579 a prime number?
True
Is 8751374111 composite?
False
Is 50600856093 a composite number?
True
Is 1991856121 composite?
False
Is 316744487 a prime number?
False
Is 130871149 a composite number?
True
Is 1224790891 a composite number?
True
Is 836350877 a composite number?
False
Is 8467098599 a prime number?
True
Is 1078136687 a composite number?
False
Is 3217921169 a composite number?
True
Is 15494954897 a composite number?
True
Is 1014404549 composite?
False
Is 2490916661 a composite number?
True
Is 323908577 composite?
False
Is 112380150317 prime?
True
Is 77537218169 composite?
False
Is 4656595661 a composite number?
False
Is 26255669673 prime?
False
Is 20720629 composite?
True
Is 3053056403 a prime number?
False
Is 1289297033 composite?
True
Is 368794319 a prime number?
True
Is 16373710657 a prime number?
False
Is 764906437 a prime number?
True
Is 1585779709 a composite number?
True
Is 1347735437 a prime number?
True
Is 251271851 composite?
False
Is 17863636367 prime?
False
Is 97267952561 a prime number?
False
Is 203705907681 a composite number?
True
Is 36953414959 prime?
True
Is 2073276197 prime?
False
Is 4945719889 composite?
True
Is 1177969381 a composite number?
False
Is 31531930163 prime?
False
Is 208743079 composite?
True
Is 163772029489 composite?
True
Is 986783543 a prime number?
True
Is 4440020779 prime?
True
Is 154001171 prime?
False
Is 50793989093 prime?
False
Is 41538863321 a composite number?
True
Is 14617882919 composite?
True
Is 34892406397 prime?
True
Is 793230167 a prime number?
True
Is 734686787 composite?
False
Is 939974869 a prime number?
True
Is 3402125059 prime?
True
Is 2314148797 a composite number?
False
Is 174968671 composite?
True
Is 252788998469 a prime number?
False
Is 10047393649 composite?
False
Is 646778257 a prime number?
False
Is 4750373794 composite?
True
Is 14593347295 a composite number?
True
Is 6040050941 prime?
True
Is 2181146063 a composite number?
True
Is 255391043 a prime number?
True
Is 3798758251 a prime number?
False
Is 326751077 prime?
True
Is 31308877801 a composite number?
True
Is 7206960991 a composite number?
False
Is 6772622113 prime?
False
Is 43606662523 a composite number?
True
Is 58885381 prime?
False
Is 647414291 prime?
True
Is 39982719281 a composite number?
False
Is 20558620391 a prime number?
True
Is 41279471929 prime?
True
Is 1243551269 prime?
False
Is 19218195613 a prime number?
False
Is 17828146801 a prime number?
True
Is 1515634877 prime?
True
Is 76623198617 composite?
True
Is 58513472993 a prime number?
False
Is 237085399 prime?
False
Is 15705367 composite?
True
Is 3152410699 composite?
True
Is 1254964063 composite?
True
Is 733413497 a prime number?
False
Is 19512346499 prime?
False
Is 1486762874 composite?
True
Is 4005149933 prime?
False
Is 141027701 composite?
True
Is 37958531011 composite?
False
Is 32444581229 prime?
False
Is 14647259953 composite?
True
Is 13682761 a composite number?
False
Is 33132111263 composite?
True
Is 3731655901 composite?
True
Is 18196501 prime?
False
Is 8603023501 composite?
True
Is 3525399827 prime?
True
Is 42358225802 prime?
False
Is 103715467 prime?
True
Is 75701420917 a composite number?
False
Is 14275849013 a prime number?
True
Is 86650429991 a composite number?
True
Is 3021048467 a prime number?
True
Is 44866158221 composite?
True
Is 1329760811 prime?
True
Is 3467990102 a composite number?
True
Is 4052690773 a prime number?
True
Is 87840014621 prime?
False
Is 8037003209 a composite number?
True
Is 76632743 composite?
True
Is 407084461 a prime number?
False
Is 9617223361 a prime number?
False
Is 32142187031 a composite number?
False
Is 78924193913 a composite number?
False
Is 13628664437 a prime number?
False
Is 34243122043 composite?
True
Is 360338339 composite?
True
Is 1754393359 prime?
True
Is 847692037 composite?
False
Is 4231696565 a prime number?
False
Is 62392630207 a composite number?
False
Is 4420260079 composite?
True
Is 5592307387 composite?
False
Is 1159423313 a prime number?
True
Is 12496973909 prime?
False
Is 340051051 a composite number?
True
Is 834420569 prime?
True
Is 78520037647 prime?
True
Is 3154061609 prime?
True
Is 8995822021 composite?
True
Is 11151756193 composite?
True
Is 8917559969 prime?
True
Is 76805509663 a composite number?
False
Is 108621577 a composite number?
False
Is 256798543 a prime number?
True
Is 8600487793 a composite number?
True
Is 364172119 prime?
False
Is 477557393 a composite number?
True
Is 307758365953 a prime number?
True
Is 777488213 a composite number?
True
Is 346970369 prime?
True
Is 695625841 composite?
True
Is 33217833335 prime?
False
Is 52075871857 composite?
False
Is 3724609103 composite?
False
Is 14335587073 prime?
True
Is 13015909538 a prime number?
False
Is 211727112253 a prime number?
False
Is 217346759 a composite number?
True
Is 309496553 a composite number?
True
Is 